.
7
Let k(t) be the first derivative of t**3/3 - 3*t**2 - 2*t - 12. What is k(6)?
-2
Let r = -1 + 0. Let z(q) be the second derivative of -q**4/4 + q**2/2 + 11*q. Calculate z(r).
-2
Let v(u) be the first derivative of u**4/4 - 2*u**3/3 - u**2 - u - 57. Determine v(2).
-5
Let s(q) = -q**2 + 6*q + 2. Suppose 12 = 2*t - t. Suppose 0*k - 12 = -k - 4*y, -4*y + 20 = 0. Let i = k + t. Calculate s(i).
10
Suppose -a = 4*m - 7, m - a - 11 = -4*m. Let t(f) = 0 - f**3 - 5*f**m - 1 + 6*f**2. Calculate t(-1).
1
Let w(k) be the second derivative of 0 - 1/6*k**3 + 3*k - 1/2*k**2. Let m = 2 + -3. Give w(m).
0
Let p be 2/(-4)*(-2)/1. Let q(h) = -8*h - 3 + 3 + 1. Give q(p).
-7
Let u(b) = -3*b - 2. Let z(r) = -6*r - 4. Let d(h) = 5*u(h) - 3*z(h). Let m be d(-3). Let f(o) = -o**3 - 7*o**2 + o + 6. Give f(m).
-1
Let k(u) = -u + 3. Suppose -35 = 2*g - 7*g. Let r(y) = 3*y - 9. Let z(a) = g*k(a) + 2*r(a). What is z(6)?
-3
Let g(s) = s - 1. Let k be (-14)/(-42) - 26/6. Give g(k).
-5
Let h(f) be the third derivative of -f**5/60 + f**4/8 + 5*f**3/6 - f**2. Let q be h(4). Let n(c) = c**2 - 6*c + 2 + 3 - q. Give n(4).
-4
Suppose -21 = 4*t - f, -4*t + 2*f - 22 = -t. Let n(j) = 7*j - 4. Let c(r) = r - 1. Let l(s) = -6*c(s) + n(s). Give l(t).
-2
Suppose -p - 3*r - 13 = 0, -p - 4*r - 2 - 16 = 0. Let t be (-10)/3 - p/(-6). Let c(i) = -i**2 - i + 2. Determine c(t).
-4
Let o(k) be the second derivative of k**3/6 + 2*k**2 + 2*k. Suppose -2*r = r - 9. Determine o(r).
7
Let h be -4 + 3 + 4/2. Let f(z) be the third derivative of 3*z**5/20 + z**4/24 - z**2. Calculate f(h).
10
Let t(d) = 3*d - 8. Let s be t(4). Let m(p) = p**3 - 5*p**2 + 4*p. Calculate m(s).
0
Let l(g) = 9*g - 4*g + 3*g - 1. What is l(-1)?
-9
Suppose -9 - 6 = 3*n - 3*m, -4*n + 2*m - 24 = 0. Let l(v) = v + 7. Determine l(n).
0
Let d(z) = -2*z**2 + 4*z + 2. Let f(m) = m**2 - 4*m - 2. Let k(g) = -3*d(g) - 4*f(g). What is k(-2)?
2
Let x(u) = -2*u**2 - 4*u - 1. Suppose 2*c = 2*h - 4, -c - h - 2 = 2. Calculate x(c).
-7
Let r(u) = 3*u - 13. Let q(o) = 5*o - 25. Let l(p) = 4*q(p) - 7*r(p). Determine l(-8).
-1
Let o = -2/19 + 59/380. Let z(k) be the second derivative of -1/2*k**3 - 3*k - 1/4*k**4 - o*k**5 + 0 - 2*k**2. What is z(-3)?
5
Let d(k) be the third derivative of k**5/12 - k**4/12 + k**3/6 + 12*k**2. Determine d(1).
4
Let w = -1 - -4. Let m be w/(-5) - (-99)/15. Let v(a) = a**3 - 7*a**2 + 6*a. Determine v(m).
0
Let q(g) be the first derivative of -g**3/3 + 3*g**2/2 + 2*g + 21. Let u(o) = o**2 + 5*o + 1. Let m be u(-2). Let y = -2 - m. Determine q(y).
2
Let c(p) = p**3 + 5*p**2 + 4*p + 6. Let n(g) = -g**3 + 5*g**2 + 5*g + 2. Let t be n(6). What is c(t)?
6
Let b(h) = -14*h**3 - 4*h + 3 + h**2 + 6*h**3 + 7*h**3. Give b(2).
-9
Let y(z) = -z**3 - 8*z**2 - 4*z - 3. Let l(n) = n**3 + 9*n**2 + 4*n + 4. Let k(h) = 3*l(h) + 4*y(h). Let x = -6 + 8. Suppose -7*s - 20 = -x*s. What is k(s)?
0
Let f(j) = 4 - 10*j**2 + 3*j + 17*j**2 - j**3 - 10*j**2. Calculate f(-3).
-5
Let y(j) = j**2 - 11*j + 12. Let d be y(10). Let k(b) = -2*b - 3*b + 1 + 5*b**2 + 0*b**d + 5 - b**3. What is k(4)?
2
Let q(d) = -d**2 - 9*d + 10. Let j be q(-10). Let i be (j + -1)/(0 + 1). Let l(z) = 5*z. Determine l(i).
-5
Let g(b) be the second derivative of -b**5/20 - b**4/4 - b**3/3 - b**2 - 8*b. Suppose -6 + 0 = 3*j. What is g(j)?
-2
Let y(q) be the first derivative of 2*q**2 - 2*q + 4. What is y(3)?
10
Let a(x) = -x**2 - 6*x - 3*x**2 + 5*x**2 - 2*x**2 + 1. Determine a(-4).
9
Let k(m) = -4*m**2 + 12*m - 7. Let q be k(3). Let p(t) = t**2 + 6*t - 3. Give p(q).
4
Suppose 4*o = -5 + 17. Let m = 3 - o. Let d(x) = 0*x + x + m*x. Calculate d(-1).
-1
Suppose a - 52 = 14*a. Let g(d) = d**2 + 6*d - 3. What is g(a)?
-11
Let s(z) = z**3 + 8*z**2 + 9*z + 9. Let m be s(-7). Let t(w) = w**3 + 5*w**2 - w + 5. Determine t(m).
10
Let i(p) be the first derivative of p**3/3 - 2*p**2 - 8. Suppose 4*z - 10 = 2*z. Give i(z).
5
Let q(d) = 5*d**3 + 17*d**2 - 6*d - 5. Let t(l) = -2*l**3 - 8*l**2 + 3*l + 2. Let a(c) = 3*q(c) + 7*t(c). Determine a(3).
-10
Let c(k) = -k + 4. Let w(i) = i**3 - 9*i**2 + 8*i - 7. Let z be w(8). Give c(z).
11
Let m be 1/6*4*3. Let s(o) = o**2 - 6*o**m + 6*o**2 + 0*o + o - o**3. What is s(2)?
-2
Let j = -4 + 4. Let v be 4 + 1 + j + 0. Let u(h) = v*h**2 - 3 - 2*h + 5*h - 4*h**2. What is u(-3)?
-3
Let f = 0 + 2. Let r = 3 + 0. Let k(t) = -5 + r - f*t + t. Give k(0).
-2
Let r(o) be the third derivative of 1/60*o**5 + 1/8*o**4 + 0 - 1/6*o**3 - 5*o**2 + 0*o. Calculate r(-3).
-1
Let y(f) be the first derivative of 3*f**4/2 - f**2/2 + 2. Suppose -12*u + 8 = -4*u. Determine y(u).
5
Let s(j) = 0*j - 1 - 2*j + 4*j. Let w = -2 + 5. Determine s(w).
5
Let u(l) = l**2 - l - 1. Let h(d) = -d**3 - 13*d**2 - 6*d + 6. Let t(a) = h(a) + 3*u(a). Give t(-9).
3
Let j(l) = -l - 5*l + 4*l. What is j(6)?
-12
Let x(u) = 1 - 2*u**2 + u**2 + 4 - 4. Let s = -25 - -42. Suppose -4*t + 3*f + 2*f - 21 = 0, 3*t + s = 4*f. Determine x(t).
0
Let l be (1 - 0) + 5/5. Let g(d) = 3 - d**3 - 4 - 2*d + d - 6*d**l. Give g(-6).
5
Let r(t) = -t**3 - 7*t**2 - 6*t + 6. Suppose -9 = -4*s - 1. Suppose -3*c = s*c. Suppose c = -2*x - 1 - 11. Calculate r(x).
6
Let w(q) = -q + 1. Let y be w(7). Let t(i) be the third derivative of i**5/60 + 7*i**4/24 + 3*i**3/2 - 2*i**2. Determine t(y).
3
Let b = -7 + 18. Let v = b + 6. Let r(p) = 20*p**3 - 35*p**2 + 15*p + 3. Let c(q) = -7*q**3 + 12*q**2 - 5*q - 1. Let l(n) = v*c(n) + 6*r(n). What is l(5)?
1
Let l(u) = -2*u**2 - 3*u - 3. Let b(o) = 2*o**2 + 6*o. Let t be b(-4). Let n be 0 + -1 - (-9 - 2). Let c = t - n. Determine l(c).
-5
Let r(c) = -c + 5. Let y(w) = 5 - 4 - 4 + 0 - w. Let g be y(-9). Calculate r(g).
-1
Let n(h) = -3*h**2 + 22*h + 18. Let a(m) = -2*m**2 + 15*m + 12. Let t(q) = 7*a(q) - 5*n(q). Determine t(6).
0
Let p be ((-10)/(-3))/(12/54). Suppose 4*i + 12 = -3*u - 0*i, -2*u + p = -5*i. Let s(j) = j. Determine s(u).
0
Let s(n) = 2*n**2 - n. Let a(b) = b - 2. Let r be a(4). Suppose r*q - 7 = -3*l, -2*l - 2*q + 1 = -5. Calculate s(l).
1
Let b = -4 - -5. Let l(p) = 0*p**2 - p + 1 + 8*p**3 - 5*p**3 + p**2. What is l(b)?
4
Let n(c) be the first derivative of c**3/3 - 9*c**2/2 - 10*c + 18. Calculate n(10).
0
Suppose 2*u - 16 = -0*u. Let j(z) = -3*z**2 + 1 - 4*z + 3*z**2 + z**2 - 4*z. Give j(u).
1
Let s(a) be the third derivative of a**4/24 + 14*a**3/3 - 36*a**2. What is s(0)?
28
Let g(j) = 15*j**2 + 1. Let d be 6/2 + (-1 - 1). What is g(d)?
16
Suppose -15 = -i - 0*g - 5*g, 0 = -2*g + 4. Let o(f) = f + 2. What is o(i)?
7
Let c = -6 + 9. Let f(d) = -d - 1. Calculate f(c).
-4
Let n(f) = f**3 - 4*f**2 + 4*f - 6. Let a be n(3). Let q(x) = -x**2 - 5*x. Calculate q(a).
6
Let x(u) = -u**3 - u + 1. Let w(q) = -5*q**3 - 5*q**2 - 4*q. Let p(t) = -w(t) + 4*x(t). Calculate p(-5).
4
Let l(a) = a**3 + 4*a**2 + 5*a - 2. Let n(t) = t**3 + 3*t**2 + 5*t - 3. Let d(m) = 3*l(m) - 2*n(m). Calculate d(-5).
0
Let x(f) = f**2 - 666 - f + 666. Calculate x(0).
0
Suppose 4*f - 16 = -4*b + b, -3*f = -5*b - 12. Let h(i) = -i**3 - i - 5. Determine h(b).
-5
Let t(v) be the third derivative of v**5/60 + v**4/6 - v**3/3 - 31*v**2. Let m(h) = -3*h**2 + 0*h**2 - 5*h + 4*h**2 - 4. Let j be m(5). Determine t(j).
-2
Let a(k) = k**2 + 7*k + 8. Suppose 0 = -4*x + x - 18. Let q = -12 - x. Determine a(q).
2
Let t(u) be the third derivative of -u**6/120 - u**5/10 + 3*u**4/8 + 4*u**3/3 - 39*u**2. Give t(-7).
-6
Let x(g) = g - 5. Let t be -1 + 0 - 0 - 0. Let j = 4 + t. Suppose -20 = -5*u - m, -5 = j*m + 10. What is x(u)?
0
Let m(k) = -3*k**3 + k**2 + k - 1. Suppose 0*a + 8 = 4*a - 4*d, -d = 5*a - 4. Calculate m(a).
-2
Let g(r) = -r**3 + 4*r**2 - 5*r + 4. Suppose -4*a - 20 = 4*q, 5*a + q + 2 = -11. Let c be 1/a*(-8)/2. Suppose 5*w = -c*z + w - 6, -z - 4*w = 9. Give g(z).
-2
Suppose 3*g = 12 + 15. Suppose -4*n = -g*n - 25. Let p(b) = b + 1. Calculate p(n).
-4
Let o(i) = i**3 + 4*i**2 - 2*i - 6. Suppose 11 - 1 = 5*p. Suppose -3*f = 3*g - 15, -2 = p*f + 3*f - 4*g. Let y be (-2)/4 + (-7)/f. Calculate o(y).
2
Let y(m) = -m**3 - 4*m**2 - 2*m + 1. Let b = -105 + 40. Let k be b/(-20) - (-1)/(-4). Suppose 0 = -c + 2*c + k. Calculate y(c).
-2
Suppose 2*t = -3*t + 10. Suppose -t = o - 4. Let c(f) = 3*f**2 - 4*f**2 - f**3 + 3*f**2 + 4 + o*f**2 - 4*f. Give c(3).
1
Let r be 3 - 2/1 - -4. Let z = 1 - r. Let m be (-3 - -2)*z/